 4*i**2 - 7*i - 6. Let h = 24 + -12. Suppose -h - 22 = -4*a - 2*g, -4*a + 2*g = -22. Suppose 2*x + 17 - a = 0. Give c(x).
4
Let p(z) = -4*z**3 + z**2 + z + 1. Let d(j) be the third derivative of -j**6/120 - j**5/60 + j**4/8 - j**3/3 - 5*j**2. Let k be d(1). What is p(k)?
5
Let o(g) be the third derivative of -g**4/24 + 3*g**3/2 - 14*g**2. Determine o(5).
4
Let x = 27 - 24. Let y(m) = -3*m - 3. Give y(x).
-12
Let w(d) = -2*d + 13. Let l be w(8). Let i(u) = u**3 + 5*u**2 + 5*u + 4. Give i(l).
7
Let y be 0 + -1 - (2 - 4). Let w(x) = x**3 - 4*x**3 - 4*x**2 + y + 2*x**3. Let l(a) = -3*a**2 - a. Let g be l(1). What is w(g)?
1
Let g(u) = -3*u + 5. Let j(z) = -7*z + 11. Let n(x) = -9*g(x) + 4*j(x). Determine n(2).
-3
Let h(a) = a + 1. Let f be 0/2 + -2 + 0. Let k be 3 - 0 - 0/f. Suppose 0 = i + y + 4, -k*i + 1 + 2 = -2*y. Give h(i).
0
Let a(i) be the second derivative of i**5/20 - 5*i**4/12 - i**3/6 + 3*i**2/2 - i. Suppose -2*u - 2*v = 0, 0 = u + 4*v - 2*v - 3. Let f = u - -8. Give a(f).
-2
Let z(t) = -2*t**3 + 2*t - 1. Let i be 4 + (0/(-3) - 3). Calculate z(i).
-1
Let y = 3 - 1. Let q(s) = -y + 0*s + 2 + 2*s. What is q(3)?
6
Let k(n) = n**3 - n - 3. Let q be (5 + -5)*2/(-8). What is k(q)?
-3
Let y(o) = o**2 - o - 6. Suppose -4*x = -2*x. Determine y(x).
-6
Let s(o) be the second derivative of -o**4/12 + 3*o**2/2 - 8*o. Give s(-3).
-6
Let v(p) = 2 + p**2 + 4 + 6*p + 4 - 11. Determine v(-7).
6
Let q(z) = z - 2. Let m = 24 - 18. Give q(m).
4
Let p(m) = -m**2 + 6*m + 2. Suppose 5*k - 3*u - 55 = -8*u, -2*u - 14 = -4*k. Determine p(k).
2
Let g(p) = p**2 + p. Let v = 4 - 5. Calculate g(v).
0
Let u = 101 + -105. Let t(c) = c + 3. Determine t(u).
-1
Let n(l) = -4*l**2 + 5*l + 13. Let d(p) = -p**2 + 0*p + 2*p - p**2 + 6. Let q(y) = 9*d(y) - 4*n(y). Suppose 1 + 2 = -s. Give q(s).
-10
Let u(s) = -4*s. Let i = 12 + -6. Suppose -d - i = d. Let z(y) = y + 4. Let m be z(d). What is u(m)?
-4
Suppose 5*z = -25, 0*t - 2*z - 10 = -t. Let i be (-2)/(-3) + (-8)/3. Let p = i - t. Let f(h) = 2*h**3 + 4*h**2 + 2*h - 1. Give f(p).
-5
Suppose -k + 6 = -7*k. Let l(g) = 4*g**2 - g - 1. Give l(k).
4
Let c(p) = 74 - 6*p - 144 + 71. Suppose -y + 6 = 2*y. Give c(y).
-11
Suppose 0 = -j - 3*n - 9, j + n = -n - 5. Let t(h) = -h**3 + 3*h**2 - 4. What is t(j)?
-4
Let n(c) be the second derivative of -c**3/2 - 31*c**2/2 - 10*c. Let m(y) = 2*y + 21. Let q(l) = -7*m(l) - 5*n(l). Give q(0).
8
Let l(v) = v**3 - 2*v**2 - 1. Let f be -2 + 2 - (-2 - 1). What is l(f)?
8
Suppose -2 - 1 = -m. Suppose 0 = 5*f + c + 23, 3*f + 17 = f - m*c. Let x be (-1 - f) + -4 + 0. Let d(y) = 6*y**2 + 1. What is d(x)?
7
Let z(p) = p**2 + 3*p - 6. Suppose 0 = -6*c + 3*c + 6. Suppose c*d - 5 = 3*d. Determine z(d).
4
Let p(g) be the second derivative of g**4/12 - 2*g**3/3 + 5*g**2/2 + 2*g. Let z be p(4). Let r(q) = 1 + q + q - z*q. Give r(-2).
7
Let f(n) = -n**2 - 5*n. Let q(t) be the first derivative of -t**2/2 + 4*t - 4. Let p be q(10). Give f(p).
-6
Suppose -2 = 2*c + 2*m, c - 3*m + 9 = 28. Let a(w) = -w**3 + 11*w**2 - 10*w + 2. Let i be a(10). Let s(f) = -5 + 1 + 3 + f**2 - 3*f - i. What is s(c)?
1
Let y(q) = 6 - 19*q**2 + 64*q**2 - 25*q**2 - 21*q**2. What is y(0)?
6
Let g(t) = -2*t**3 - 2*t**2 + 3*t + 3. Let s be (-7 - -3)/(1 - -1). Determine g(s).
5
Let k(l) be the first derivative of -7*l**2 + 0 + 4*l + 8*l**2 - 1. Let b(j) = j**3 + 2*j**2 - 2*j - 2. Let z be b(-3). Calculate k(z).
-6
Let f be -2 + 4 + 3 + -1. Let l(c) be the first derivative of -3/2*c**2 + 6*c + 1. Calculate l(f).
-6
Suppose -c - 3 = m, 5*c = 2*m - 4 + 3. Let g = 1 - m. Let i(u) be the first derivative of u**4/4 - u**3 + 4*u - 5. Determine i(g).
4
Let u(q) = 9*q**2 - 7 + 0*q - 3*q**3 - 4*q**2 - 2*q + 4*q**3. Give u(-5).
3
Let c(s) = -4*s + 1 + 2*s + 0*s + 3. What is c(3)?
-2
Let k = 2 + 1. Suppose 4*d - 5 = h, 15 = -2*d + 5*d + k*h. Let s(p) = 5*p**2 - 3 - 2*p - p - 4*p**d. Calculate s(5).
7
Let c(g) = g + 1. Suppose 2*z + 5*s = 6, -5*z + 5 = s - 10. Give c(z).
4
Let m(o) = -o**2 - 2*o. Let z = -5 + 4. Let a(t) = 5*t**3 - t. Let q be a(z). Give m(q).
-8
Let c(o) = 3*o + 4. Let u(j) = -j - 1. Let a(g) = -g**2 + 11*g - 11. Let n be a(10). Let z(l) = n*c(l) - 4*u(l). Suppose -2*m + 5 = -m. What is z(m)?
5
Let w(s) be the third derivative of -s**8/6720 - s**7/504 + s**6/120 - s**5/120 + s**4/8 - 3*s**2. Let p(b) be the second derivative of w(b). Calculate p(-6).
-1
Suppose 3*k - 5*k = -6. Suppose -7 = -2*a - 5*c + k, -2*a + 2*c = 4. Let v(r) = -r**2 - r - 1. Determine v(a).
-1
Let d(z) = z**2 - 2*z - 1. Let b(w) be the second derivative of w - 1/6*w**3 + 3/2*w**2 + 0. Let t be b(5). Calculate d(t).
7
Suppose -4*t + 3 = -9. Let q(k) = 2*k + 5. Let m(z) = -z - 3. Let o(n) = -5*m(n) - 3*q(n). Calculate o(t).
-3
Let s = -123 - -125. Let r(f) = -f**2 + 2*f - 2. Give r(s).
-2
Let u(a) = -a + 2. Let r(h) = 4 + 6*h - h + 0 - 6*h. Let q = -4 + 11. Let n be r(q). Calculate u(n).
5
Let s(w) = w**2 + 5*w - 5. Let o be s(-6). Let u(z) = -2 - 2*z**2 + z**3 + 4*z + 0*z**2 - o. Suppose -4*v = -4 - 4. Give u(v).
5
Let x(v) = v. Let d(b) = -1. Let y(o) = d(o) + 3*x(o). Let s(n) = n + 8. Let c be s(-8). Let f be (-3 - -2)*(c - -1). What is y(f)?
-4
Let u be 2/(-3)*(-27)/18. Let q(k) = -2*k + 1. Give q(u).
-1
Let a(f) = -2*f**2 + 6*f + 4. Let m(u) = -u**2 + u + 1. Suppose 5*k + 2*x = 15, -5*k - 3*x + 16 = -4*k. Let o(v) = k*a(v) - m(v). What is o(4)?
7
Let p(c) = -2*c + 2. Suppose -2 + 12 = 2*k. Suppose k*j = -28 + 8. What is p(j)?
10
Suppose a - 3*p = 2, 5*p - 1 = -2*a + 3. Let i(h) = h**2 + h - 1. Determine i(a).
5
Let n(j) = -3*j + 5 - 3*j + 12*j - 5*j. Calculate n(5).
10
Let s = -4 - -8. Suppose s*u = 3*u + 2. Let k(x) = 12*x**2 - 3 - 9*x**2 + x**3 + 2*x - 4*x**2. Calculate k(u).
5
Let d(h) = -h**2 - 5*h - 3. Let w = 4 + -7. Let q be d(w). Let i(u) = -u**3 + 8*u - 2*u**2 - 3*u + 3*u**2 - 4. Give i(q).
-7
Let r(t) = t**3 + 5*t**2 + 4*t + 6. Let i(s) = 6*s**2 + 5*s + 7. Suppose -3*j - 2 = 13. Let a(o) = j*i(o) + 6*r(o). Suppose -3*x = -x - 2. Determine a(x).
6
Let w(m) = 2*m + 7. Let v be w(-3). Let t(f) = 8*f**2 - 2*f + 1. Calculate t(v).
7
Let a(p) = 1. Let t(h) = -2*h - 4. Let s(o) = -2*a(o) + t(o). Give s(-5).
4
Let y(m) = -m**2 + m + 9. Let g be 0/((-2 - 1)/1). What is y(g)?
9
Let u(m) be the third derivative of -m**7/2520 + m**5/60 + m**2. Let b(c) be the third derivative of u(c). Give b(1).
-2
Let u(j) = j**2 - 9*j + 3. Let p be u(9). Let l(k) = -k - k**2 + 2*k**2 + p*k - 1. Let x = 1 - -1. Give l(x).
7
Let w(s) = -2*s**2 - 3*s - 1. Suppose -2*k = 6 - 2. Let q be (8/(-10))/(k/(-5)). Give w(q).
-3
Suppose 32 = 2*o - 4. Suppose -4*s + 2*s + o = 0. Let l(y) = 0*y**2 + y**3 + 5*y + 5 - y**2 - 2*y**2 - s*y. Give l(4).
5
Let s(y) = -3*y**2 - 31*y + 4*y**2 - 29*y + 63*y - 1 + 0. Let x(p) = -2*p + 2. Let h be x(3). What is s(h)?
3
Suppose 5*s - 1 = -21. Let u be -1 + (2/2 - s). Let n(r) = 0*r - 2 + r + 3. Give n(u).
5
Let g(m) = m**2 + 0*m**2 - 7 - 7*m - 2*m**2. Suppose 0 = 2*o - 7*o - 5*d - 25, 2*d = 0. Calculate g(o).
3
Let d(o) = o - 2. Let q be d(-4). Let k(w) = w - 4. Let j be k(6). Let y(z) = -3 - 2*z**2 + z**2 - z**2 - 7*z + z**j. What is y(q)?
3
Let z(r) = r + 10. Let o be z(-6). Suppose -28 = 2*c - 4*b, -2*c = -6*c + o*b - 40. Let g(s) = -s + 0*s + 0*s + 3*s - s + 8. Give g(c).
2
Let r(u) = -u - 1. Let h be -9*(-2)/3*-1. Let f be (-6)/9*h/4. Determine r(f).
-2
Let v(f) be the second derivative of 5/6*f**3 - 1/2*f**2 - 1/12*f**4 + 3*f + 0. Calculate v(5).
-1
Let p(r) = r**2 - 3*r + 10. Let d(v) = -v**2 + 4*v - 10. Let t(y) = -4*d(y) - 3*p(y). Determine t(7).
10
Let d(l) = 5*l - 2 + 2 + 1 + l**2 + 0. Give d(-6).
7
Suppose 30 = 3*t + 2*t. Suppose 3 + t = -3*a. Let h(p) = -p**3 - 3*p**2. What is h(a)?
0
Suppose -3*w + 3 = -15. Let l(y) = -y**3 + 3*y**3 + 5 - 7*y**3 + 4*y**3 + w*y - 4*y**2. Give l(-5).
0
Let j(d) be the third derivative of -d**6/120 + 7*d**5/60 + d**4/3 + 5*d**3/6 + 2*d**2. Let l be j(8). Let q(h) = h - 3. Calculate q(l).
2
Let z(b) be the third derivative of 0*b + 1/40*b**5 + 1/4*b**4 - 1/2*b**3 + 0 - b**2. Let h(c) be the first derivative of z(c). Determine h(-4).
-6
Let q(c) = 1. Let j(l) = 2*l - 4. Let k be j(4). Let y(s) = s + 10. Let i(t) = k*q(t) - y(t). What is i(-5)?
-1
Let h(f) = 3*f - 6. Let j be h(6). Suppose i = -i + j. Suppose 